{"id":279,"date":"2022-02-23T23:00:34","date_gmt":"2022-02-24T02:00:34","guid":{"rendered":"http:\/\/youthrio.com.br\/?post_type=product&#038;p=279"},"modified":"2022-04-25T09:18:20","modified_gmt":"2022-04-25T12:18:20","slug":"desfile-das-criancasdia-24-de-abril","status":"publish","type":"product","link":"https:\/\/youthrio.com.br\/index.php\/product\/desfile-das-criancasdia-24-de-abril\/","title":{"rendered":"Desfile das Crian\u00e7as<br>Dia 24 de Abril"},"content":{"rendered":"<p><span style=\"font-size: 18px;\">Condi\u00e7\u00f5es especiais para grupo. Fa\u00e7a contato via WhatsApp <a href=\"https:\/\/api.whatsapp.com\/send?phone=5521999082762&amp;text=\" target=\"_blank\" rel=\"noopener\"><img loading=\"lazy\" decoding=\"async\" class=\"alignnone wp-image-277\" src=\"http:\/\/youthrio.com.br\/wp-content\/uploads\/2022\/02\/botao-whatsapp-do-prime-gourmet-300x104.png\" alt=\"\" width=\"100\" height=\"35\" srcset=\"https:\/\/youthrio.com.br\/wp-content\/uploads\/2022\/02\/botao-whatsapp-do-prime-gourmet-300x104.png 300w, https:\/\/youthrio.com.br\/wp-content\/uploads\/2022\/02\/botao-whatsapp-do-prime-gourmet-600x208.png 600w, https:\/\/youthrio.com.br\/wp-content\/uploads\/2022\/02\/botao-whatsapp-do-prime-gourmet.png 738w\" sizes=\"auto, (max-width: 100px) 100vw, 100px\" \/><\/a><br \/>\n<\/span><\/p>\n","protected":false},"excerpt":{"rendered":"<p>Condi\u00e7\u00f5es especiais para grupo. Fa\u00e7a contato via WhatsApp<\/p>\n","protected":false},"featured_media":392,"comment_status":"open","ping_status":"closed","template":"","meta":{"_joinchat":[]},"product_cat":[18],"product_tag":[],"class_list":["post-279","product","type-product","status-publish","has-post-thumbnail","hentry","product_cat-camarote-2022"],"_links":{"self":[{"href":"https:\/\/youthrio.com.br\/index.php\/wp-json\/wp\/v2\/product\/279","targetHints":{"allow":["GET"]}}],"collection":[{"href":"https:\/\/youthrio.com.br\/index.php\/wp-json\/wp\/v2\/product"}],"about":[{"href":"https:\/\/youthrio.com.br\/index.php\/wp-json\/wp\/v2\/types\/product"}],"replies":[{"embeddable":true,"href":"https:\/\/youthrio.com.br\/index.php\/wp-json\/wp\/v2\/comments?post=279"}],"wp:featuredmedia":[{"embeddable":true,"href":"https:\/\/youthrio.com.br\/index.php\/wp-json\/wp\/v2\/media\/392"}],"wp:attachment":[{"href":"https:\/\/youthrio.com.br\/index.php\/wp-json\/wp\/v2\/media?parent=279"}],"wp:term":[{"taxonomy":"product_cat","embeddable":true,"href":"https:\/\/youthrio.com.br\/index.php\/wp-json\/wp\/v2\/product_cat?post=279"},{"taxonomy":"product_tag","embeddable":true,"href":"https:\/\/youthrio.com.br\/index.php\/wp-json\/wp\/v2\/product_tag?post=279"}],"curies":[{"name":"wp","href":"https:\/\/api.w.org\/{rel}","templated":true}]}}